722 is divided by 251?
238
What is the remainder when 917197 is divided by 70551?
34
Calculate the remainder when 9409 is divided by 121.
92
What is the remainder when 457320 is divided by 2706?
6
Calculate the remainder when 195776 is divided by 421.
11
What is the remainder when 29948 is divided by 307?
169
Calculate the remainder when 247934 is divided by 9928.
9662
Calculate the remainder when 67567437 is divided by 4237.
4235
Calculate the remainder when 170020 is divided by 1648.
276
Calculate the remainder when 237974 is divided by 118902.
170
What is the remainder when 63394 is divided by 4902?
4570
What is the remainder when 255540 is divided by 201?
69
Calculate the remainder when 22580492 is divided by 9.
5
What is the remainder when 46394665 is divided by 735?
730
Calculate the remainder when 1168072 is divided by 28462.
1130
What is the remainder when 16028 is divided by 7922?
184
Calculate the remainder when 6828899 is divided by 18308.
15
Calculate the remainder when 54404210 is divided by 494.
484
Calculate the remainder when 32742569 is divided by 113.
28
What is the remainder when 103845 is divided by 822?
273
Calculate the remainder when 2100569 is divided by 631.
601
What is the remainder when 187802 is divided by 13397?
244
What is the remainder when 3367391 is divided by 113?
104
Calculate the remainder when 42328021 is divided by 102.
61
What is the remainder when 9545422 is divided by 17230?
2
What is the remainder when 291880 is divided by 41659?
267
What is the remainder when 18434206 is divided by 16?
14
Calculate the remainder when 34246436 is divided by 622662.
26
Calculate the remainder when 56782516 is divided by 40.
36
What is the remainder when 219446242 is divided by 144849?
7
Calculate the remainder when 3834444 is divided by 115.
114
What is the remainder when 559732 is divided by 3215?
322
What is the remainder when 68093 is divided by 33364?
1365
Calculate the remainder when 62470 is divided by 10350.
370
Calculate the remainder when 167756 is divided by 1818.
500
What is the remainder when 9447547 is divided by 944753?
17
What is the remainder when 27527608 is divided by 83?
77
Calculate the remainder when 11262830 is divided by 1589.
1587
What is the remainder when 112532216 is divided by 13845?
56
What is the remainder when 2981757 is divided by 5071?
9
Calculate the remainder when 3105725 is divided by 39.
38
Calculate the remainder when 15309514 is divided by 1275790.
34
Calculate the remainder when 259407 is divided by 51835.
232
What is the remainder when 2571874 is divided by 56?
18
What is the remainder when 1801130 is divided by 45028?
10
What is the remainder when 201368 is divided by 16?
8
What is the remainder when 81599979 is divided by 35?
34
Calculate the remainder when 28146430 is divided by 234.
208
What is the remainder when 63609 is divided by 3731?
182
Calculate the remainder when 65441775 is divided by 699.
696
Calculate the remainder when 68694906 is divided by 368.
346
What is the remainder when 892905 is divided by 157?
46
What is the remainder when 7572645 is divided by 2442?
3
Calculate the remainder when 60538957 is divided by 231950.
7
Calculate the remainder when 16594053 is divided by 28.
21
Calculate the remainder when 1324547 is divided by 28180.
87
What is the remainder when 82101 is divided by 1572?
357
What is the remainder when 455150232 is divided by 3746?
3740
What is the remainder when 170665 is divided by 789?
241
What is the remainder when 163137 is divided by 26865?
1947
What is the remainder when 545560 is divided by 5147?
5125
Calculate the remainder when 1580127 is divided by 2328.
1743
What is the remainder when 100705 is divided by 33278?
871
What is the remainder when 52666 is divided by 6574?
74
Calculate the remainder when 1303194 is divided by 266.
60
Calculate the remainder when 231387 is divided by 6786.
663
Calculate the remainder when 6009297 is divided by 3631.
3623
What is the remainder when 3437830 is divided by 9393?
9385
Calculate the remainder when 2565612 is divided by 61067.
798
What is the remainder when 9380370 is divided by 361?
146
Calculate the remainder when 275066 is divided by 2076.
1034
Calculate the remainder when 77440 is divided by 38405.
630
Calculate the remainder when 3642469 is divided by 57.
55
What is the remainder when 3375233 is divided by 499?
496
Calculate the remainder when 133055845 is divided by 7002939.
4
Calculate the remainder when 45057427 is divided by 7.
2
What is the remainder when 55973 is divided by 27803?
367
Calculate the remainder when 19611483 is divided by 5731.
1
What is the remainder when 137353 is divided by 409?
338
What is the remainder when 42289160 is divided by 57?
5
Calculate the remainder when 20714256 is divided by 1380949.
21
Calculate the remainder when 3813805 is divided by 462.
457
What is the remainder when 32569919 is divided by 2367?
2366
Calculate the remainder when 363850 is divided by 3121.
1814
Calculate the remainder when 178981 is divided by 10511.
294
Calculate the remainder when 438825 is divided by 203.
142
Calculate the remainder when 10809095 is divided by 36.
23
Calculate the remainder when 607168 is divided by 7228.
16
Calculate the remainder when 1504508 is divided by 14465.
148
What is the remainder when 2419605 is divided by 927?
135
Calculate the remainder when 9676128 is divided by 1740.
1728
Calculate the remainder when 3370407 is divided by 3263.
2991
Calculate the remainder when 144513 is divided by 1741.
10
What is the remainder when 34281 is divided by 24980?
9301
Calculate the remainder when 5165642 is divided by 703.
701
What is the remainder when 137610797 is divided by 78?
77
What is the remainder when 42882320 is divided by 22?
8
Calculate the remainder when 115981 is divided by 360.
61
What is the remainder when 25701117 is divided by 5?
2
Calculate the remainder when 2150147 is divided by 309.
125
Calculate the remainder when 3300636 is divided by 137.
32
What is the remainder when 1095679379 is divided by 19?
14
Calculate the remainder when 12685228 is divided by 7587.
7351
What is the remainder when 2879765 is divided by 929?
794
Calculate the remainder when 1029082 is divided by 4680.
4162
What is the remainder when 17197582 is divided by 3499?
3496
Calculate the remainder when 21080006 is divided by 81.
80
Calculate the remainder when 38477447 is divided by 289.
276
What is the remainder when 73849445 is divided by 112?
5
What is the remainder when 18850 is divided by 291?
226
Calculate the remainder when 122777 is divided by 64.
25
Calculate the remainder when 5898996 is divided by 85.
81
What is the remainder when 6761062 is divided by 981?
10
What is the remainder when 1156576 is divided by 1734?
1732
Calculate the remainder when 910029 is divided by 910027.
2
What is the remainder when 2255499 is divided by 855?
9
What is the remainder when 77934 is divided by 495?
219
Calculate the remainder when 13302037 is divided by 164.
161
Calculate the remainder when 9751123 is divided by 506.
503
Calculate the remainder when 2536453 is divided by 8.
5
Calculate the remainder when 114433 is divided by 1941.
1855
What is the remainder when 1693383 is divided by 599?
10
What is the remainder when 5284323 is divided by 3232?
3
Calculate the remainder when 6727721 is divided by 3619.
0
Calculate the remainder when 43378451 is divided by 206.
1
Calculate the remainder when 531554 is divided by 202.
92
What is the remainder when 18383609 is divided by 15?
14
Calculate the remainder when 137894 is divided by 5988.
170
What is the remainder when 231728 is divided by 2766?
2150
What is the remainder when 10759031 is divided by 2047?
2046
What is the remainder when 3225336 is divided by 3552?
120
Calculate the remainder when 9586664 is divided by 61061.
87
Calculate the remainder when 671644 is divided by 174.
4
What is the remainder when 882464 is divided by 98048?
32
What is the remainder when 60179 is divided by 35?
14
What is the remainder when 1244486 is divided by 8187?
62
What is the remainder when 48078 is divided by 23926?
226
Calculate the remainder when 1791494 is divided by 1791471.
23
What is the remainder when 3806118 is divided by 44257?
16
What is t